{"id":5183,"date":"2013-09-14T06:03:59","date_gmt":"2013-09-14T06:03:59","guid":{"rendered":"http:\/\/fatihiselbiseleri.com\/?page_id=12"},"modified":"2013-09-14T06:03:59","modified_gmt":"2013-09-14T06:03:59","slug":"hakkimizda","status":"publish","type":"page","link":"https:\/\/iselbiselerifiyatlari.com\/index.php\/hakkimizda\/","title":{"rendered":"Hakk\u0131m\u0131zda"},"content":{"rendered":"<ul>\n<li>1996 y\u0131l\u0131nda beri Tekstil sekt\u00f6r\u00fcnde hizmet veren \u015eirketimiz <strong>\u0130\u015f elbiseleri<\/strong> &#8211; <strong>Nak\u0131\u015f<\/strong> ve <strong>Dijital Bask\u0131<\/strong> imalat\u0131 ile Kaliteli ve uygun fiyat garantimizle m\u00fc\u015fterilerimizin Personel k\u0131yafetleri ihtiya\u00e7lar\u0131n\u0131 kar\u015f\u0131lamaktad\u0131r.<\/li>\n<li>Son sistem Makine Parkurumuz ve Deneyimli kadromuz ile profesyonel Kalitede i\u015f elbisesi imalat\u0131 yapmaktad\u0131r. G\u00fcn\u00fcm\u00fcz d\u00fcnyas\u0131nda \u00e7al\u0131\u015fma \u015fartlar\u0131n\u0131n zorlu\u011fu ve uzun i\u015f hayat\u0131nda rahat \u00e7al\u0131\u015fma ortam\u0131 yaratmak i\u00e7in kullan\u0131lan k\u0131yafetlerin Dayan\u0131kl\u0131 ve B\u00fct\u00e7eye uygun fiyatl\u0131 olmas\u0131 \u00f6nemlidir. Firmam\u0131z Kaliteyi uygun fiyatlara sunmak i\u00e7in %100 imalat prensibi ile Kesim, dikim, nak\u0131\u015f, bask\u0131 uygulamalar\u0131n\u0131 kendi b\u00fcnyesinde yapmaktad\u0131r.<\/li>\n<li>Desinat\u00f6r, Grafiker , Kesim Personeli, Dikim Ustalar\u0131, Nak\u0131\u015f ve Bask\u0131 ustalar\u0131m\u0131z ile uyum i\u00e7inde ayn\u0131 \u00e7at\u0131 nalt\u0131nda \u00e7al\u0131\u015fmaktad\u0131r. M\u00fc\u015fteri memnuniyeti bizim i\u00e7in \u00d6n plandad\u0131r. H\u0131zl\u0131 ve Temiz i\u015f\u00e7ilik arayanlar i\u00e7in Firmam\u0131z Son s\u00fcrat \u00e7al\u0131\u015fmaktad\u0131r. Kapasitemiz yetti\u011fi kadar i\u015f alma prensibimiz ile m\u00fc\u015fterilerimize iyi hizmet sunmaktay\u0131z.<\/li>\n<\/ul>\n","protected":false},"excerpt":{"rendered":"<p>1996 y\u0131l\u0131nda beri Tekstil sekt\u00f6r\u00fcnde hizmet veren \u015eirketimiz \u0130\u015f elbiseleri &#8211; Nak\u0131\u015f ve Dijital Bask\u0131 imalat\u0131 ile Kaliteli ve uygun fiyat garantimizle m\u00fc\u015fterilerimizin Personel k\u0131yafetleri ihtiya\u00e7lar\u0131n\u0131 kar\u015f\u0131lamaktad\u0131r. Son sistem Makine Parkurumuz ve Deneyimli kadromuz ile profesyonel Kalitede i\u015f elbisesi imalat\u0131 yapmaktad\u0131r. G\u00fcn\u00fcm\u00fcz d\u00fcnyas\u0131nda \u00e7al\u0131\u015fma \u015fartlar\u0131n\u0131n zorlu\u011fu ve uzun i\u015f hayat\u0131nda rahat \u00e7al\u0131\u015fma ortam\u0131 yaratmak i\u00e7in [&hellip;]<\/p>\n","protected":false},"author":1,"featured_media":0,"parent":0,"menu_order":0,"comment_status":"closed","ping_status":"open","template":"","meta":{"footnotes":""},"class_list":["post-5183","page","type-page","status-publish","hentry"],"_links":{"self":[{"href":"https:\/\/iselbiselerifiyatlari.com\/index.php\/wp-json\/wp\/v2\/pages\/5183","targetHints":{"allow":["GET"]}}],"collection":[{"href":"https:\/\/iselbiselerifiyatlari.com\/index.php\/wp-json\/wp\/v2\/pages"}],"about":[{"href":"https:\/\/iselbiselerifiyatlari.com\/index.php\/wp-json\/wp\/v2\/types\/page"}],"author":[{"embeddable":true,"href":"https:\/\/iselbiselerifiyatlari.com\/index.php\/wp-json\/wp\/v2\/users\/1"}],"replies":[{"embeddable":true,"href":"https:\/\/iselbiselerifiyatlari.com\/index.php\/wp-json\/wp\/v2\/comments?post=5183"}],"version-history":[{"count":0,"href":"https:\/\/iselbiselerifiyatlari.com\/index.php\/wp-json\/wp\/v2\/pages\/5183\/revisions"}],"wp:attachment":[{"href":"https:\/\/iselbiselerifiyatlari.com\/index.php\/wp-json\/wp\/v2\/media?parent=5183"}],"curies":[{"name":"wp","href":"https:\/\/api.w.org\/{rel}","templated":true}]}}