{"id":307,"date":"2013-09-16T15:45:33","date_gmt":"2013-09-16T15:45:33","guid":{"rendered":"http:\/\/fatihiselbiseleri.com\/?page_id=307"},"modified":"2013-09-16T15:45:33","modified_gmt":"2013-09-16T15:45:33","slug":"isimlik","status":"publish","type":"page","link":"https:\/\/iselbiselerifiyatlari.com\/index.php\/urunler\/kisiye-ozel\/isimlik\/","title":{"rendered":"\u0130simlik"},"content":{"rendered":"<section  class='av_textblock_section av-kojc4ly2-38bbccd670452bd1921b855a7061c563'  itemscope=\"itemscope\" itemtype=\"https:\/\/schema.org\/CreativeWork\" ><div class='avia_textblock'  itemprop=\"text\" ><h2 style=\"text-align: center;\">\u0130simlik<\/h2>\n<\/div><\/section><br \/>\n\n<style type=\"text\/css\" data-created_by=\"avia_inline_auto\" id=\"style-css-av-kojc4dgu-0684d6d5daec2ee28aa44a1ac0ad8587\">\n#top .avia-gallery.av-kojc4dgu-0684d6d5daec2ee28aa44a1ac0ad8587 .avia-gallery-thumb a{\nwidth:20%;\n}\n<\/style>\n<div  class='avia-gallery av-kojc4dgu-0684d6d5daec2ee28aa44a1ac0ad8587 avia_animate_when_visible  avia-builder-el-1  el_after_av_textblock  avia-builder-el-last  avia_lazyload avia-gallery-animate avia-gallery-1'  itemprop=\"image\" itemscope=\"itemscope\" itemtype=\"https:\/\/schema.org\/ImageObject\" ><meta itemprop=\"contentURL\" content=\"https:\/\/iselbiselerifiyatlari.com\/index.php\/urunler\/kisiye-ozel\/isimlik\/\"><div class='avia-gallery-thumb'><a href=\"https:\/\/iselbiselerifiyatlari.com\/wp-content\/uploads\/2013\/09\/Yaka-isimligi-6.jpg\" data-srcset=\"https:\/\/iselbiselerifiyatlari.com\/wp-content\/uploads\/2013\/09\/Yaka-isimligi-6.jpg 460w, https:\/\/iselbiselerifiyatlari.com\/wp-content\/uploads\/2013\/09\/Yaka-isimligi-6-300x185.jpg 300w\" data-sizes=\"(max-width: 460px) 100vw, 460px\" data-rel='gallery-1' data-prev-img='https:\/\/iselbiselerifiyatlari.com\/wp-content\/uploads\/2013\/09\/Yaka-isimligi-6.jpg' class='first_thumb lightbox ' data-onclick='1' title='\u0130simlik'  itemprop=\"thumbnailUrl\"  ><img loading=\"lazy\" decoding=\"async\" class=\"wp-image-626 avia-img-lazy-loading-626\"  data-avia-tooltip='\u0130simlik' src=\"https:\/\/iselbiselerifiyatlari.com\/wp-content\/uploads\/2013\/09\/Yaka-isimligi-6.jpg\" width=\"460\" height=\"283\"  title='Yaka isimli\u011fi' alt='' srcset=\"https:\/\/iselbiselerifiyatlari.com\/wp-content\/uploads\/2013\/09\/Yaka-isimligi-6.jpg 460w, https:\/\/iselbiselerifiyatlari.com\/wp-content\/uploads\/2013\/09\/Yaka-isimligi-6-300x185.jpg 300w\" sizes=\"auto, (max-width: 460px) 100vw, 460px\" \/><div class='big-prev-fake'><img loading=\"lazy\" decoding=\"async\" class=\"wp-image-626 avia-img-lazy-loading-626\"  width=\"460\" height=\"283\" src=\"https:\/\/iselbiselerifiyatlari.com\/wp-content\/uploads\/2013\/09\/Yaka-isimligi-6.jpg\" title='Yaka isimli\u011fi' alt='' srcset=\"https:\/\/iselbiselerifiyatlari.com\/wp-content\/uploads\/2013\/09\/Yaka-isimligi-6.jpg 460w, https:\/\/iselbiselerifiyatlari.com\/wp-content\/uploads\/2013\/09\/Yaka-isimligi-6-300x185.jpg 300w\" sizes=\"auto, (max-width: 460px) 100vw, 460px\" \/><\/div><\/a><a href=\"https:\/\/iselbiselerifiyatlari.com\/wp-content\/uploads\/2013\/09\/Yaka-isimligi-5.jpg\" data-srcset=\"https:\/\/iselbiselerifiyatlari.com\/wp-content\/uploads\/2013\/09\/Yaka-isimligi-5.jpg 600w, https:\/\/iselbiselerifiyatlari.com\/wp-content\/uploads\/2013\/09\/Yaka-isimligi-5-300x300.jpg 300w, https:\/\/iselbiselerifiyatlari.com\/wp-content\/uploads\/2013\/09\/Yaka-isimligi-5-80x80.jpg 80w, https:\/\/iselbiselerifiyatlari.com\/wp-content\/uploads\/2013\/09\/Yaka-isimligi-5-36x36.jpg 36w, https:\/\/iselbiselerifiyatlari.com\/wp-content\/uploads\/2013\/09\/Yaka-isimligi-5-180x180.jpg 180w\" data-sizes=\"(max-width: 600px) 100vw, 600px\" data-rel='gallery-1' data-prev-img='https:\/\/iselbiselerifiyatlari.com\/wp-content\/uploads\/2013\/09\/Yaka-isimligi-5-495x400.jpg' class='lightbox ' data-onclick='2' title='Yaka isimli\u011fi'  itemprop=\"thumbnailUrl\"  ><img loading=\"lazy\" decoding=\"async\" class=\"wp-image-625 avia-img-lazy-loading-625\"  data-avia-tooltip='Yaka isimli\u011fi' src=\"https:\/\/iselbiselerifiyatlari.com\/wp-content\/uploads\/2013\/09\/Yaka-isimligi-5-495x400.jpg\" width=\"495\" height=\"400\"  title='Yaka isimli\u011fi' alt='' \/><div class='big-prev-fake'><img loading=\"lazy\" decoding=\"async\" class=\"wp-image-625 avia-img-lazy-loading-625\"  width=\"495\" height=\"400\" src=\"https:\/\/iselbiselerifiyatlari.com\/wp-content\/uploads\/2013\/09\/Yaka-isimligi-5-495x400.jpg\" title='Yaka isimli\u011fi' alt='' \/><\/div><\/a><a href=\"https:\/\/iselbiselerifiyatlari.com\/wp-content\/uploads\/2013\/09\/Yaka-isimligi-4.jpg\" data-srcset=\"https:\/\/iselbiselerifiyatlari.com\/wp-content\/uploads\/2013\/09\/Yaka-isimligi-4.jpg 500w, https:\/\/iselbiselerifiyatlari.com\/wp-content\/uploads\/2013\/09\/Yaka-isimligi-4-300x300.jpg 300w, https:\/\/iselbiselerifiyatlari.com\/wp-content\/uploads\/2013\/09\/Yaka-isimligi-4-80x80.jpg 80w, https:\/\/iselbiselerifiyatlari.com\/wp-content\/uploads\/2013\/09\/Yaka-isimligi-4-36x36.jpg 36w, https:\/\/iselbiselerifiyatlari.com\/wp-content\/uploads\/2013\/09\/Yaka-isimligi-4-180x180.jpg 180w\" data-sizes=\"(max-width: 500px) 100vw, 500px\" data-rel='gallery-1' data-prev-img='https:\/\/iselbiselerifiyatlari.com\/wp-content\/uploads\/2013\/09\/Yaka-isimligi-4-495x400.jpg' class='lightbox ' data-onclick='3' title='isimlik'  itemprop=\"thumbnailUrl\"  ><img loading=\"lazy\" decoding=\"async\" class=\"wp-image-624 avia-img-lazy-loading-624\"  data-avia-tooltip='isimlik' src=\"https:\/\/iselbiselerifiyatlari.com\/wp-content\/uploads\/2013\/09\/Yaka-isimligi-4-495x400.jpg\" width=\"495\" height=\"400\"  title='Yaka isimli\u011fi' alt='' \/><div class='big-prev-fake'><img loading=\"lazy\" decoding=\"async\" class=\"wp-image-624 avia-img-lazy-loading-624\"  width=\"495\" height=\"400\" src=\"https:\/\/iselbiselerifiyatlari.com\/wp-content\/uploads\/2013\/09\/Yaka-isimligi-4-495x400.jpg\" title='Yaka isimli\u011fi' alt='' \/><\/div><\/a><a href=\"https:\/\/iselbiselerifiyatlari.com\/wp-content\/uploads\/2013\/09\/Yaka-isimligi-3.jpg\" data-srcset=\"https:\/\/iselbiselerifiyatlari.com\/wp-content\/uploads\/2013\/09\/Yaka-isimligi-3.jpg 595w, https:\/\/iselbiselerifiyatlari.com\/wp-content\/uploads\/2013\/09\/Yaka-isimligi-3-300x202.jpg 300w\" data-sizes=\"(max-width: 595px) 100vw, 595px\" data-rel='gallery-1' data-prev-img='https:\/\/iselbiselerifiyatlari.com\/wp-content\/uploads\/2013\/09\/Yaka-isimligi-3-495x400.jpg' class='lightbox ' data-onclick='4' title='isimlik'  itemprop=\"thumbnailUrl\"  ><img loading=\"lazy\" decoding=\"async\" class=\"wp-image-623 avia-img-lazy-loading-623\"  data-avia-tooltip='isimlik' src=\"https:\/\/iselbiselerifiyatlari.com\/wp-content\/uploads\/2013\/09\/Yaka-isimligi-3-495x400.jpg\" width=\"495\" height=\"400\"  title='Yaka isimli\u011fi' alt='' \/><div class='big-prev-fake'><img loading=\"lazy\" decoding=\"async\" class=\"wp-image-623 avia-img-lazy-loading-623\"  width=\"495\" height=\"400\" src=\"https:\/\/iselbiselerifiyatlari.com\/wp-content\/uploads\/2013\/09\/Yaka-isimligi-3-495x400.jpg\" title='Yaka isimli\u011fi' alt='' \/><\/div><\/a><a href=\"https:\/\/iselbiselerifiyatlari.com\/wp-content\/uploads\/2013\/09\/Yaka-isimligi-2.jpg\" data-srcset=\"https:\/\/iselbiselerifiyatlari.com\/wp-content\/uploads\/2013\/09\/Yaka-isimligi-2.jpg 480w, https:\/\/iselbiselerifiyatlari.com\/wp-content\/uploads\/2013\/09\/Yaka-isimligi-2-300x162.jpg 300w\" data-sizes=\"(max-width: 480px) 100vw, 480px\" data-rel='gallery-1' data-prev-img='https:\/\/iselbiselerifiyatlari.com\/wp-content\/uploads\/2013\/09\/Yaka-isimligi-2.jpg' class='lightbox ' data-onclick='5' title='isimlik'  itemprop=\"thumbnailUrl\"  ><img loading=\"lazy\" decoding=\"async\" class=\"wp-image-622 avia-img-lazy-loading-622\"  data-avia-tooltip='isimlik' src=\"https:\/\/iselbiselerifiyatlari.com\/wp-content\/uploads\/2013\/09\/Yaka-isimligi-2.jpg\" width=\"480\" height=\"259\"  title='Yaka isimli\u011fi' alt='' srcset=\"https:\/\/iselbiselerifiyatlari.com\/wp-content\/uploads\/2013\/09\/Yaka-isimligi-2.jpg 480w, https:\/\/iselbiselerifiyatlari.com\/wp-content\/uploads\/2013\/09\/Yaka-isimligi-2-300x162.jpg 300w\" sizes=\"auto, (max-width: 480px) 100vw, 480px\" \/><div class='big-prev-fake'><img loading=\"lazy\" decoding=\"async\" class=\"wp-image-622 avia-img-lazy-loading-622\"  width=\"480\" height=\"259\" src=\"https:\/\/iselbiselerifiyatlari.com\/wp-content\/uploads\/2013\/09\/Yaka-isimligi-2.jpg\" title='Yaka isimli\u011fi' alt='' srcset=\"https:\/\/iselbiselerifiyatlari.com\/wp-content\/uploads\/2013\/09\/Yaka-isimligi-2.jpg 480w, https:\/\/iselbiselerifiyatlari.com\/wp-content\/uploads\/2013\/09\/Yaka-isimligi-2-300x162.jpg 300w\" sizes=\"auto, (max-width: 480px) 100vw, 480px\" \/><\/div><\/a><a href=\"https:\/\/iselbiselerifiyatlari.com\/wp-content\/uploads\/2013\/09\/Yaka-isimligi-1.jpg\" data-srcset=\"https:\/\/iselbiselerifiyatlari.com\/wp-content\/uploads\/2013\/09\/Yaka-isimligi-1.jpg 480w, https:\/\/iselbiselerifiyatlari.com\/wp-content\/uploads\/2013\/09\/Yaka-isimligi-1-300x166.jpg 300w\" data-sizes=\"(max-width: 480px) 100vw, 480px\" data-rel='gallery-1' data-prev-img='https:\/\/iselbiselerifiyatlari.com\/wp-content\/uploads\/2013\/09\/Yaka-isimligi-1.jpg' class='first_thumb lightbox ' data-onclick='6' title='isimlik'  itemprop=\"thumbnailUrl\"  ><img loading=\"lazy\" decoding=\"async\" class=\"wp-image-621 avia-img-lazy-loading-621\"  data-avia-tooltip='isimlik' src=\"https:\/\/iselbiselerifiyatlari.com\/wp-content\/uploads\/2013\/09\/Yaka-isimligi-1.jpg\" width=\"480\" height=\"265\"  title='Yaka isimli\u011fi' alt='' srcset=\"https:\/\/iselbiselerifiyatlari.com\/wp-content\/uploads\/2013\/09\/Yaka-isimligi-1.jpg 480w, https:\/\/iselbiselerifiyatlari.com\/wp-content\/uploads\/2013\/09\/Yaka-isimligi-1-300x166.jpg 300w\" sizes=\"auto, (max-width: 480px) 100vw, 480px\" \/><div class='big-prev-fake'><img loading=\"lazy\" decoding=\"async\" class=\"wp-image-621 avia-img-lazy-loading-621\"  width=\"480\" height=\"265\" src=\"https:\/\/iselbiselerifiyatlari.com\/wp-content\/uploads\/2013\/09\/Yaka-isimligi-1.jpg\" title='Yaka isimli\u011fi' alt='' srcset=\"https:\/\/iselbiselerifiyatlari.com\/wp-content\/uploads\/2013\/09\/Yaka-isimligi-1.jpg 480w, https:\/\/iselbiselerifiyatlari.com\/wp-content\/uploads\/2013\/09\/Yaka-isimligi-1-300x166.jpg 300w\" sizes=\"auto, (max-width: 480px) 100vw, 480px\" \/><\/div><\/a><a href=\"https:\/\/iselbiselerifiyatlari.com\/wp-content\/uploads\/2013\/09\/Yaka-isimligi.jpg\" data-srcset=\"https:\/\/iselbiselerifiyatlari.com\/wp-content\/uploads\/2013\/09\/Yaka-isimligi.jpg 480w, https:\/\/iselbiselerifiyatlari.com\/wp-content\/uploads\/2013\/09\/Yaka-isimligi-300x173.jpg 300w\" data-sizes=\"(max-width: 480px) 100vw, 480px\" data-rel='gallery-1' data-prev-img='https:\/\/iselbiselerifiyatlari.com\/wp-content\/uploads\/2013\/09\/Yaka-isimligi.jpg' class='lightbox ' data-onclick='7' title='isimlik'  itemprop=\"thumbnailUrl\"  ><img loading=\"lazy\" decoding=\"async\" class=\"wp-image-620 avia-img-lazy-loading-620\"  data-avia-tooltip='isimlik' src=\"https:\/\/iselbiselerifiyatlari.com\/wp-content\/uploads\/2013\/09\/Yaka-isimligi.jpg\" width=\"480\" height=\"276\"  title='Yaka isimli\u011fi' alt='Ki\u015fiye \u00d6zel Yaka isimli\u011fi' srcset=\"https:\/\/iselbiselerifiyatlari.com\/wp-content\/uploads\/2013\/09\/Yaka-isimligi.jpg 480w, https:\/\/iselbiselerifiyatlari.com\/wp-content\/uploads\/2013\/09\/Yaka-isimligi-300x173.jpg 300w\" sizes=\"auto, (max-width: 480px) 100vw, 480px\" \/><div class='big-prev-fake'><img loading=\"lazy\" decoding=\"async\" class=\"wp-image-620 avia-img-lazy-loading-620\"  width=\"480\" height=\"276\" src=\"https:\/\/iselbiselerifiyatlari.com\/wp-content\/uploads\/2013\/09\/Yaka-isimligi.jpg\" title='Yaka isimli\u011fi' alt='Ki\u015fiye \u00d6zel Yaka isimli\u011fi' srcset=\"https:\/\/iselbiselerifiyatlari.com\/wp-content\/uploads\/2013\/09\/Yaka-isimligi.jpg 480w, https:\/\/iselbiselerifiyatlari.com\/wp-content\/uploads\/2013\/09\/Yaka-isimligi-300x173.jpg 300w\" sizes=\"auto, (max-width: 480px) 100vw, 480px\" \/><\/div><\/a><\/div><\/div><\/p>\n","protected":false},"excerpt":{"rendered":"","protected":false},"author":1,"featured_media":0,"parent":53,"menu_order":0,"comment_status":"closed","ping_status":"closed","template":"","meta":{"footnotes":""},"class_list":["post-307","page","type-page","status-publish","hentry"],"_links":{"self":[{"href":"https:\/\/iselbiselerifiyatlari.com\/index.php\/wp-json\/wp\/v2\/pages\/307","targetHints":{"allow":["GET"]}}],"collection":[{"href":"https:\/\/iselbiselerifiyatlari.com\/index.php\/wp-json\/wp\/v2\/pages"}],"about":[{"href":"https:\/\/iselbiselerifiyatlari.com\/index.php\/wp-json\/wp\/v2\/types\/page"}],"author":[{"embeddable":true,"href":"https:\/\/iselbiselerifiyatlari.com\/index.php\/wp-json\/wp\/v2\/users\/1"}],"replies":[{"embeddable":true,"href":"https:\/\/iselbiselerifiyatlari.com\/index.php\/wp-json\/wp\/v2\/comments?post=307"}],"version-history":[{"count":0,"href":"https:\/\/iselbiselerifiyatlari.com\/index.php\/wp-json\/wp\/v2\/pages\/307\/revisions"}],"up":[{"embeddable":true,"href":"https:\/\/iselbiselerifiyatlari.com\/index.php\/wp-json\/wp\/v2\/pages\/53"}],"wp:attachment":[{"href":"https:\/\/iselbiselerifiyatlari.com\/index.php\/wp-json\/wp\/v2\/media?parent=307"}],"curies":[{"name":"wp","href":"https:\/\/api.w.org\/{rel}","templated":true}]}}